
What is the greatest common factor of 151407 and 18?
9
What is the highest common factor of 893 and 2869?
19
What is the greatest common factor of 325 and 1171755?
65
What is the greatest common factor of 4147 and 408291?
377
What is the greatest common factor of 17538 and 3034?
74
Calculate the highest common factor of 181 and 10679.
181
What is the highest common factor of 102335 and 25705?
485
Calculate the highest common factor of 14023 and 306232.
379
What is the greatest common divisor of 13636 and 35?
7
What is the highest common divisor of 133 and 116641?
133
What is the highest common divisor of 231723 and 126?
9
What is the greatest common divisor of 1308 and 444?
12
Calculate the highest common divisor of 26076 and 424.
212
What is the greatest common divisor of 39916 and 6457?
587
Calculate the greatest common factor of 1220401 and 455.
91
Calculate the greatest common factor of 28 and 144718.
14
What is the highest common divisor of 514265 and 815?
815
Calculate the greatest common divisor of 15 and 198890.
5
Calculate the highest common divisor of 194 and 360937.
97
What is the greatest common divisor of 239155 and 55?
5
What is the highest common divisor of 411 and 38497?
137
Calculate the highest common factor of 246977 and 20181.
961
Calculate the highest common factor of 75 and 929650.
25
What is the highest common factor of 708 and 1149556?
236
What is the highest common divisor of 221 and 322465?
13
Calculate the greatest common divisor of 5583875 and 1375.
1375
Calculate the highest common factor of 841615 and 20.
5
What is the greatest common factor of 141 and 2379610?
47
What is the greatest common divisor of 6 and 31778?
2
Calculate the highest common factor of 289198 and 182.
182
What is the highest common factor of 10298 and 19?
19
Calculate the greatest common divisor of 2 and 196429.
1
What is the highest common factor of 1004577 and 651?
21
What is the highest common divisor of 6420 and 2940?
60
Calculate the highest common factor of 770 and 76615.
385
What is the highest common divisor of 4480 and 53872?
112
What is the greatest common factor of 6674 and 1081?
47
Calculate the greatest common divisor of 364 and 733068.
28
What is the greatest common divisor of 502 and 127759?
251
What is the highest common divisor of 38330 and 450?
10
Calculate the greatest common divisor of 1813410 and 90.
90
What is the highest common divisor of 42 and 237657?
21
Calculate the highest common divisor of 527 and 509609.
527
Calculate the highest common factor of 68 and 926228.
68
What is the greatest common divisor of 5 and 44140?
5
What is the highest common divisor of 22 and 104049?
11
What is the highest common divisor of 219113 and 34?
17
Calculate the highest common divisor of 74895 and 30.
15
What is the highest common divisor of 19090 and 28405?
115
Calculate the highest common factor of 627 and 251009.
209
What is the greatest common factor of 2409 and 408581?
73
What is the highest common factor of 161805 and 483?
483
Calculate the highest common divisor of 671965 and 365.
365
Calculate the greatest common divisor of 128 and 1744.
16
What is the greatest common factor of 15 and 188910?
15
What is the highest common divisor of 3887 and 2530?
23
Calculate the greatest common divisor of 5700 and 23275.
475
Calculate the greatest common divisor of 132 and 42438.
66
What is the greatest common divisor of 398 and 863461?
199
What is the greatest common factor of 33624 and 360?
72
What is the greatest common divisor of 112 and 14368?
16
What is the highest common divisor of 401897 and 1175?
47
What is the greatest common factor of 649 and 14531?
11
What is the greatest common factor of 3348 and 335637?
837
Calculate the greatest common factor of 10164 and 406.
14
What is the greatest common divisor of 362467 and 742?
371
What is the highest common factor of 1560 and 412360?
520
Calculate the highest common factor of 990 and 74448.
198
What is the highest common divisor of 405 and 925911?
81
Calculate the greatest common divisor of 1596 and 427899.
57
Calculate the greatest common factor of 2068 and 26179.
47
Calculate the highest common divisor of 5589 and 736.
23
What is the greatest common divisor of 8515 and 655?
655
Calculate the greatest common divisor of 29250 and 150.
150
What is the greatest common factor of 2627 and 12496?
71
Calculate the highest common factor of 226519 and 29.
29
Calculate the greatest common factor of 52507 and 19041.
577
Calculate the highest common divisor of 6780 and 12480.
60
Calculate the highest common factor of 618 and 258.
6
What is the greatest common divisor of 41600 and 300?
100
What is the highest common divisor of 3337 and 71284?
71
What is the greatest common factor of 2681074 and 11?
11
What is the greatest common divisor of 260253 and 119?
119
Calculate the greatest common factor of 16764 and 44.
44
Calculate the greatest common factor of 66688 and 8.
8
Calculate the greatest common divisor of 7535 and 264.
11
Calculate the greatest common divisor of 725 and 61045.
145
What is the greatest common factor of 204542 and 13?
13
What is the highest common factor of 36750 and 28?
14
What is the highest common factor of 18361 and 1290?
43
What is the highest common divisor of 200 and 1863100?
100
Calculate the highest common factor of 76 and 7771.
19
Calculate the highest common factor of 28 and 78504.
4
Calculate the highest common divisor of 23 and 2533749.
23
Calculate the greatest common factor of 31960 and 104.
8
What is the greatest common factor of 64 and 109336?
8
Calculate the highest common divisor of 9044 and 1498.
14
What is the highest common factor of 1596 and 1821?
3
Calculate the greatest common divisor of 175602 and 4107.
111
Calculate the highest common divisor of 5160 and 10449.
129
What is the highest common factor of 80478 and 27?
9
Calculate the highest common factor of 4292 and 1184.
148
What is the greatest common factor of 84 and 41587?
7
What is the greatest common factor of 5 and 4251110?
5
What is the greatest common factor of 13440 and 1050?
210
Calculate the highest common divisor of 175 and 410165.
35
Calculate the highest common divisor of 1554 and 137862.
222
What is the highest common factor of 96 and 11421?
3
Calculate the greatest common divisor of 407 and 678469.
407
Calculate the highest common factor of 70367 and 22.
11
What is the highest common factor of 91 and 3387293?
91
Calculate the highest common factor of 5660 and 860.
20
What is the greatest common factor of 38 and 6218054?
38
Calculate the greatest common factor of 194840 and 1480.
40
Calculate the greatest common factor of 86602 and 9890.
86
Calculate the highest common divisor of 571957 and 95.
19
What is the highest common factor of 11808 and 3744?
288
What is the highest common divisor of 125964 and 636?
12
What is the greatest common divisor of 522900 and 3500?
700
What is the highest common divisor of 755388 and 72?
36
What is the greatest common divisor of 14784 and 156864?
192
What is the highest common factor of 2387 and 12617?
341
Calculate the greatest common factor of 5542 and 4727.
163
What is the highest common factor of 68326 and 7366?
254
What is the greatest common factor of 1238 and 8?
2
Calculate the highest common factor of 2944 and 177008.
368
Calculate the greatest common divisor of 16 and 96568.
8
What is the highest common factor of 690 and 18675?
15
Calculate the greatest common divisor of 1365 and 408226.
91
What is the highest common divisor of 1923741 and 666?
333
What is the greatest common divisor of 2024 and 35144?
184
What is the greatest common factor of 32784 and 2160?
48
Calculate the highest common divisor of 350 and 1610.
70
Calculate the highest common divisor of 1138 and 2.
2
Calculate the highest common factor of 14856 and 248.
8
What is the greatest common divisor of 11468 and 59048?
244
Calculate the highest common divisor of 132 and 159192.
132
Calculate the highest common divisor of 207 and 10161.
9
Calculate the greatest common factor of 6512026 and 604.
302
What is the greatest common factor of 1385 and 25?
5
What is the highest common divisor of 2356 and 1860?
124
What is the highest common divisor of 280 and 50320?
40
What is the highest co